nd 54.
54
Calculate the highest common divisor of 169 and 8723.
13
Calculate the highest common divisor of 7 and 143206.
7
Calculate the greatest common divisor of 9885 and 825.
15
What is the greatest common divisor of 21150 and 4338?
18
Calculate the highest common factor of 29032 and 380.
76
What is the greatest common factor of 360 and 540?
180
Calculate the greatest common divisor of 3969 and 49.
49
Calculate the highest common factor of 55567 and 1991.
181
Calculate the greatest common divisor of 2739 and 231819.
249
Calculate the highest common factor of 383056 and 890.
178
Calculate the greatest common divisor of 158 and 347363.
79
What is the greatest common divisor of 7407 and 261?
9
Calculate the highest common factor of 146506 and 102.
34
Calculate the greatest common divisor of 21812 and 152.
76
Calculate the greatest common factor of 82503 and 36.
9
Calculate the greatest common factor of 1617 and 9534.
21
What is the greatest common factor of 1040014 and 46?
46
What is the greatest common factor of 26110 and 805?
35
What is the greatest common divisor of 415 and 1900?
5
What is the highest common factor of 406 and 2494?
58
Calculate the greatest common factor of 9238 and 10106.
62
Calculate the highest common factor of 2149320 and 180.
60
Calculate the highest common divisor of 82 and 486506.
82
Calculate the highest common divisor of 36192 and 112.
16
Calculate the greatest common factor of 123 and 446203.
41
Calculate the greatest common divisor of 9338 and 506.
46
Calculate the highest common factor of 372 and 8742.
186
Calculate the highest common divisor of 247426 and 19230.
1282
What is the greatest common divisor of 40 and 7145?
5
Calculate the highest common factor of 5159 and 536.
67
What is the greatest common divisor of 16215 and 1495?
115
What is the greatest common divisor of 1620 and 13608?
324
What is the greatest common divisor of 3591 and 182970?
171
What is the greatest common divisor of 83 and 814811?
83
What is the greatest common divisor of 5396 and 57?
19
Calculate the highest common factor of 12280 and 1779065.
1535
Calculate the greatest common factor of 20 and 288692.
4
Calculate the highest common factor of 345668 and 7004.
412
Calculate the highest common factor of 37721 and 73190.
563
Calculate the highest common divisor of 10 and 3865425.
5
What is the greatest common factor of 4630 and 21110?
10
Calculate the highest common divisor of 2223 and 278730.
171
What is the highest common factor of 32896 and 5184?
64
Calculate the greatest common factor of 16298 and 522.
58
Calculate the highest common factor of 24 and 1038264.
24
Calculate the highest common factor of 382 and 514.
2
Calculate the highest common factor of 1173050 and 400.
50
Calculate the greatest common factor of 92 and 7613.
23
What is the greatest common divisor of 585035 and 242?
121
Calculate the highest common factor of 39 and 252707.
13
What is the highest common divisor of 25773 and 82401?
363
What is the highest common factor of 4727106 and 54?
54
What is the highest common divisor of 43035 and 21895?
755
What is the highest common factor of 17479 and 231?
77
What is the highest common divisor of 1033186 and 14?
14
Calculate the greatest common factor of 1450836 and 180.
36
What is the highest common divisor of 120 and 327?
3
Calculate the highest common factor of 30 and 373970.
10
What is the greatest common divisor of 1432926 and 594?
198
What is the highest common divisor of 6237 and 614691?
693
Calculate the greatest common factor of 6175 and 260.
65
Calculate the highest common factor of 1394921 and 422.
211
Calculate the greatest common divisor of 87 and 8169909.
87
Calculate the greatest common factor of 4064 and 100.
4
Calculate the greatest common divisor of 112 and 11808944.
112
What is the highest common divisor of 70 and 30695?
35
Calculate the highest common factor of 33 and 46365.
33
Calculate the greatest common factor of 18 and 19434.
6
What is the highest common divisor of 134000 and 4250?
250
Calculate the greatest common divisor of 15 and 975150.
15
Calculate the highest common factor of 272734 and 736.
46
Calculate the highest common divisor of 472590 and 72.
18
Calculate the greatest common factor of 228 and 74212.
4
Calculate the highest common factor of 2157192 and 1944.
648
Calculate the greatest common divisor of 234 and 297594.
18
Calculate the highest common factor of 701510 and 6150.
410
Calculate the greatest common divisor of 3498 and 58512.
318
Calculate the highest common divisor of 140674 and 74.
74
Calculate the greatest common factor of 12 and 22812.
12
What is the greatest common divisor of 28 and 2013186?
14
Calculate the greatest common factor of 2033 and 23861.
107
What is the greatest common factor of 817995 and 3105?
345
Calculate the highest common factor of 146476 and 22.
22
What is the highest common factor of 51425 and 4840?
605
What is the greatest common factor of 529 and 1559?
1
What is the highest common factor of 149564 and 278?
278
Calculate the highest common factor of 208769 and 22.
11
Calculate the greatest common divisor of 71560 and 160.
40
What is the highest common factor of 15 and 64863?
3
What is the highest common factor of 20471 and 341?
11
What is the greatest common factor of 356 and 4452?
4
What is the highest common divisor of 2151 and 16?
1
Calculate the highest common divisor of 2438 and 29097.
53
Calculate the highest common divisor of 2025 and 45522.
81
Calculate the highest common factor of 18 and 89602.
2
What is the greatest common factor of 546 and 6846?
42
Calculate the greatest common factor of 408 and 39712.
136
What is the greatest common divisor of 50 and 136450?
50
What is the highest common divisor of 1620 and 2980?
20
Calculate the greatest common divisor of 404224 and 640.
128
What is the highest common factor of 36 and 27588?
12
Calculate the greatest common factor of 62269 and 3.
1
What is the greatest common divisor of 3145917 and 254?
127
What is the highest common divisor of 4048 and 8878?
46
What is the greatest common divisor of 58989 and 1855?
371
Calculate the highest common divisor of 3235 and 51113.
647
Calculate the highest common factor of 453 and 4053897.
453
Calculate the greatest common factor of 19425 and 22575.
525
Calculate the greatest common divisor of 3483 and 801.
9
Calculate the greatest common factor of 49 and 12215.
7
What is the greatest common factor of 4485 and 1599?
39
What is the greatest common factor of 35486 and 22?
22
What is the greatest common divisor of 411 and 332636?
137
What is the greatest common divisor of 14380 and 220?
20
Calculate the highest common factor of 44382 and 78.
78
What is the highest common factor of 2576 and 129766?
322
Calculate the greatest common divisor of 281 and 6184529.
281
What is the greatest common factor of 3812564 and 4?
4
Calculate the highest common factor of 56056 and 19756.
44
What is the highest common factor of 310 and 29020?
10
What is the greatest common factor of 250 and 246570?
10
What is the greatest common factor of 10 and 5376650?
10
What is the highest common divisor of 3780 and 67795?
35
Calculate the highest common factor of 275265 and 105.
15
Calculate the greatest common factor of 4147824 and 48.
48
What is the greatest common divisor of 311776 and 16?
16
Calculate the highest common factor of 3052 and 11009.
109
Calculate the highest common factor of 10 and 166665.
5
What is the greatest common divisor of 37 and 364709?
37
What is the greatest common factor of 3704990 and 8150?
1630
What is the greatest common factor of 3519 and 21321?
207
What is the highest common divisor of 678187 and 501?
167
What is the greatest common factor of 6 and 35412?
6
Calculate the greatest common factor of 696 and 702264.
696
Calculate the greatest common divisor of 20480 and 122240.
640
What is the highest common divisor of 284 and 356?
4
What is the greatest common divisor of 27 and 267489?
27
Calculate the highest common factor of 69000 and 3496.
184
Calculate the highest common factor of 928648 and 368.
184
What is the greatest common factor of 57788 and 44?
4
What is the greatest common divisor of 156 and 61412?
52
What is the greatest common factor of 31713 and 759?
33